d by 2213.
1925
Calculate the remainder when 2268 is divided by 123.
54
Calculate the remainder when 3969 is divided by 10.
9
Calculate the remainder when 15623 is divided by 15.
8
Calculate the remainder when 970046 is divided by 160.
126
What is the remainder when 2905 is divided by 716?
41
Calculate the remainder when 196805 is divided by 97.
89
Calculate the remainder when 12181 is divided by 1107.
4
What is the remainder when 256509 is divided by 1022?
1009
Calculate the remainder when 304910 is divided by 171.
17
What is the remainder when 224783 is divided by 11239?
3
What is the remainder when 46663 is divided by 1111?
1
Calculate the remainder when 470861 is divided by 18834.
11
Calculate the remainder when 13747 is divided by 31.
14
What is the remainder when 2386 is divided by 788?
22
What is the remainder when 1069 is divided by 62?
15
Calculate the remainder when 2819 is divided by 97.
6
Calculate the remainder when 60027 is divided by 116.
55
What is the remainder when 11521 is divided by 360?
1
Calculate the remainder when 5465 is divided by 2107.
1251
Calculate the remainder when 26421 is divided by 6602.
13
What is the remainder when 4315 is divided by 610?
45
Calculate the remainder when 2631 is divided by 4.
3
Calculate the remainder when 6926 is divided by 30.
26
Calculate the remainder when 34378 is divided by 369.
61
What is the remainder when 78187 is divided by 15600?
187
Calculate the remainder when 1222 is divided by 1133.
89
Calculate the remainder when 128042 is divided by 64005.
32
Calculate the remainder when 13133 is divided by 650.
133
Calculate the remainder when 15198 is divided by 2531.
12
Calculate the remainder when 1580 is divided by 218.
54
What is the remainder when 3151 is divided by 1554?
43
Calculate the remainder when 39833 is divided by 147.
143
Calculate the remainder when 1632 is divided by 1554.
78
Calculate the remainder when 3056 is divided by 221.
183
What is the remainder when 47388 is divided by 16?
12
Calculate the remainder when 1866 is divided by 190.
156
Calculate the remainder when 11965 is divided by 412.
17
What is the remainder when 2182 is divided by 148?
110
Calculate the remainder when 10370 is divided by 115.
20
Calculate the remainder when 11072 is divided by 430.
322
What is the remainder when 26427 is divided by 70?
37
What is the remainder when 59856 is divided by 1221?
27
Calculate the remainder when 613972 is divided by 135.
127
Calculate the remainder when 4335 is divided by 1079.
19
Calculate the remainder when 61682 is divided by 61676.
6
What is the remainder when 24186 is divided by 462?
162
What is the remainder when 896 is divided by 70?
56
What is the remainder when 341409 is divided by 2276?
9
What is the remainder when 15700 is divided by 147?
118
Calculate the remainder when 224860 is divided by 44972.
0
Calculate the remainder when 7703 is divided by 7703.
0
What is the remainder when 568869 is divided by 326?
325
What is the remainder when 892 is divided by 266?
94
What is the remainder when 170775 is divided by 560?
535
What is the remainder when 30918 is divided by 81?
57
What is the remainder when 1746764 is divided by 45?
44
Calculate the remainder when 4978 is divided by 1536.
370
What is the remainder when 1480 is divided by 739?
2
What is the remainder when 24113 is divided by 3393?
362
What is the remainder when 72506 is divided by 147?
35
What is the remainder when 3869 is divided by 200?
69
Calculate the remainder when 4038 is divided by 258.
168
Calculate the remainder when 15915 is divided by 1333.
1252
Calculate the remainder when 45317 is divided by 91.
90
Calculate the remainder when 5695 is divided by 5666.
29
Calculate the remainder when 29203 is divided by 16.
3
Calculate the remainder when 17738 is divided by 362.
0
What is the remainder when 1411 is divided by 1239?
172
What is the remainder when 5534 is divided by 9?
8
Calculate the remainder when 2696 is divided by 358.
190
What is the remainder when 1189878 is divided by 20?
18
What is the remainder when 353 is divided by 98?
59
Calculate the remainder when 2166870 is divided by 12.
6
Calculate the remainder when 49992 is divided by 55.
52
Calculate the remainder when 20677 is divided by 646.
5
What is the remainder when 330226 is divided by 110074?
4
Calculate the remainder when 8318 is divided by 381.
317
What is the remainder when 17516 is divided by 170?
6
Calculate the remainder when 43053 is divided by 395.
393
What is the remainder when 2156 is divided by 364?
336
Calculate the remainder when 2098 is divided by 1914.
184
Calculate the remainder when 51813 is divided by 6.
3
Calculate the remainder when 12233 is divided by 12212.
21
Calculate the remainder when 8253601 is divided by 34.
33
Calculate the remainder when 677 is divided by 7.
5
What is the remainder when 84963 is divided by 20?
3
Calculate the remainder when 8451 is divided by 708.
663
Calculate the remainder when 1746496 is divided by 25.
21
Calculate the remainder when 27365 is divided by 2347.
1548
What is the remainder when 2830 is divided by 660?
190
Calculate the remainder when 146159 is divided by 435.
434
Calculate the remainder when 505075 is divided by 883.
882
Calculate the remainder when 611606 is divided by 1110.
1106
What is the remainder when 1548 is divided by 867?
681
What is the remainder when 79 is divided by 27?
25
What is the remainder when 30537 is divided by 220?
177
Calculate the remainder when 2157666 is divided by 24.
18
Calculate the remainder when 336094 is divided by 100.
94
Calculate the remainder when 31566 is divided by 3.
0
What is the remainder when 20415 is divided by 12?
3
What is the remainder when 1090 is divided by 452?
186
Calculate the remainder when 2561 is divided by 433.
396
What is the remainder when 142435 is divided by 30?
25
Calculate the remainder when 93992 is divided by 11748.
8
Calculate the remainder when 705 is divided by 114.
21
Calculate the remainder when 2861 is divided by 220.
1
What is the remainder when 22052 is divided by 54?
20
Calculate the remainder when 11374 is divided by 9066.
2308
What is the remainder when 450 is divided by 123?
81
Calculate the remainder when 2091 is divided by 362.
281
What is the remainder when 84253 is divided by 1620?
13
What is the remainder when 78746 is divided by 121?
96
What is the remainder when 1125 is divided by 1122?
3
Calculate the remainder when 39144 is divided by 11.
6
What is the remainder when 29676 is divided by 9885?
21
Calculate the remainder when 16809 is divided by 73.
19
Calculate the remainder when 173837 is divided by 328.
325
What is the remainder when 23648 is divided by 7769?
341
What is the remainder when 506 is divided by 124?
10
Calculate the remainder when 22923 is divided by 2276.
163
Calculate the remainder when 11399 is divided by 2841.
35
Calculate the remainder when 8443 is divided by 26.
19
What is the remainder when 122611 is divided by 14?
13
What is the remainder when 16751 is divided by 1216?
943
What is the remainder when 40188 is divided by 5738?
22
Calculate the remainder when 8698 is divided by 8632.
66
What is the remainder when 27873 is divided by 9291?
0
Calculate the remainder when 1536 is divided by 338.
184
Calculate the remainder when 5772 is divided by 15.
12
Calculate the remainder when 257967 is divided by 368.
367
What is the remainder when 78131 is divided by 12?
11
What is the remainder when 37586 is divided by 199?
174
What is the remainder when 33019 is divided by 841?
220
What is the remainder when 392 is divided by 153?
86
Calculate the remainder when 19824 is divided by 59.
0
Calculate the remainder when 288 is divided by 162.
126
What is the remainder when 144091 is divided by 25?
16
Calculate the remainder when 79047 is divided by 186.
183
Calculate the remainder when 66953 is divided by 1200.
953
Calculate the remainder when 8696 is divided by 166.
64
What is the remainder when 4675 is divided by 2233?
209
Calculate the remainder when 165887 is divided by 82937.
13
What is the remainder when 49046 is divided by 8158?
98
Calculate the remainder when 1624330 is divided by 2880.
10
What is the remainder when 242591 is divided by 48514?
21
What is the remainder whe